late k(v).
-2
Let k = -10405 - -10398. Let f(u) = -u**3 - 6*u**2 + 16*u - 10. What is f(k)?
-73
Let j(p) be the first derivative of -p**4/4 + 5*p**3/3 + 5*p**2/2 + 8*p + 7. Let t be j(6). Let w(b) = -b**2 - 33*b - b**t - 4 + 28*b + b**2. Determine w(-3).
2
Let l(c) = 11*c**3 - 19*c**2 + 30*c + 42. Let z(a) = -8*a**3 + 17*a**2 - 29*a - 31. Let u(b) = -3*l(b) - 4*z(b). Give u(-13).
-2
Let b(w) = -w**2 + 37*w - 339. Suppose -91*a = -5*q - 96*a + 95, 2*q = 4*a + 38. Give b(q).
3
Let y(j) = -2*j + 2 - 4 + 4. Let o = 110 + -108. Suppose -f + 3*r - 2 = 0, o*f + 3*r + 4 = r. Give y(f).
6
Let b(a) = a + 246. Let c(j) = 28. Let g(h) = 2*b(h) - 19*c(h). What is g(21)?
2
Suppose 0 = -7*y - 18 + 46. Let f(c) = 9*c**3 - 8*c**2 + 4*c + 9. Let x(p) = -5*p**3 + 4*p**2 - 2*p - 5. Let z(k) = 4*f(k) + 7*x(k). Determine z(y).
9
Suppose -20 = -2*o + 100. Let d(u) be the first derivative of -3 - o*u**2 + u - 3 + 59*u**2. Calculate d(1).
-1
Let w be ((-404)/(-2222))/(48/22). Let u(t) be the third derivative of -1/6*t**3 + w*t**4 - 11*t**2 + 0 - 2/15*t**5 + 0*t. What is u(1)?
-7
Let p be (-114)/(-21) + (-558)/(-315) + (-6)/5. Let d(r) = -5*r + 26. Determine d(p).
-4
Let v(l) = -8*l**2 + 9*l + 44. Let c(d) = 7*d**2 - 10*d - 38. Let m(f) = 6*c(f) + 5*v(f). Give m(8).
0
Let b(h) be the first derivative of 11 - 2*h - 5/2*h**2. Suppose -6*f = 3*t - 9*f + 21, 0 = -2*t + 4*f - 24. Calculate b(t).
8
Let g(b) = -4 + 5 + b + 1. Let r be -3*(-7 + (-2840)/24). Let i = 379 - r. Calculate g(i).
5
Let d be (-9)/63 + 1515/21. Suppose 73*u = d*u + 6. Let g(q) = q**3 - 6*q**2 - 7. Determine g(u).
-7
Suppose 0 = n + 4 - 5. Let c(b) = -b**3 + b - 1. Suppose 36 = -11*h + 3. Let y(p) = -14*p**3 + 2*p**2 + 3*p - 4. Let w(x) = h*c(x) + y(x). What is w(n)?
-10
Let b(o) = -16 + 0*o**2 - 36*o**3 + 19*o**3 + 18*o**3 + 2 + o**2. Determine b(0).
-14
Let o(r) = 3*r**2 - 11*r + 6. Let g be 0 + 8 - (-10)/(-7 - -5). Determine o(g).
0
Let m(o) = -5*o - 19. Let t be -6 + 8 - 20/(28/7). What is m(t)?
-4
Let m(j) = j**3 + 11*j**2 - 27*j - 13. Suppose 111*s - 74*s + 481 = 0. Give m(s).
0
Let w(b) be the second derivative of 2*b**3/3 - 93*b**2/2 - 646*b + 4. Calculate w(17).
-25
Suppose -5*j = 2*p - 33 + 31, 6*j - 20 = 2*p. Let u = 29 + -1. Let b(z) = 11*z + 0*z**j - z**2 + u - 34. Calculate b(9).
12
Let m = -791 - -773. Let x(c) = -c**2 - 14*c + 30. Calculate x(m).
-42
Let z(b) = -b**3 + 9*b**2 + 19*b + 38. Let c be z(11). Let p(v) = 3*v**2 - 3*v + 3. Let t(i) = i**2 - i + 1. Let m(l) = c*t(l) - 2*p(l). What is m(0)?
-1
Suppose -5*m = -20, -7*m + 6*m = -4*q + 8. Let p(n) = n**q - 5*n**2 - 151 + 75 + 77. What is p(5)?
1
Let g(w) = 23*w + 7. Let u(o) = 52 + 42 - 74 + 68*o. Let n(i) = -17*g(i) + 6*u(i). Give n(1).
18
Let q(z) = 6*z - 44. Let u = 66 + -60. Let y be q(u). Let r(f) = 14*f + 2. Let j(d) = 5*d + 1. Let l(h) = 17*j(h) - 6*r(h). Determine l(y).
-3
Let p(w) = -75310 + 37650 - 12*w + 37608. What is p(-3)?
-16
Suppose 6*h - 4 = -3*x + 2*h, x + 2*h = 2. Suppose 20 - 6 = 5*d - 2*u, -3*u - 14 = -4*d. Let n(a) = 0 + 2*a - a - d + 7. Give n(x).
5
Let o = -116 - -124. Let j(g) = -o*g - 3 - 2 + 5 + 9*g**2 - g**3. Give j(8).
0
Let h(p) = 2*p**2 - 1 + 310*p**3 + 272*p**3 - 563*p**3. Let i = -2 + 1. Give h(i).
-18
Let h be 6/15 - -12*(-9)/(-30). Suppose h*d = -f - 16, 0 = -4*f - d - d - 78. Let s = f + 22. Let t(a) = 3*a**2. Give t(s).
12
Let m = 37 - 33. Let z be 7/m + (-15)/(-60). Let g(r) = 3*r + 26*r**2 - 9*r**2 + z - 16*r**2 + r**3. Give g(-2).
-8
Let f = -18849 + 18850. Let j(g) = -18*g + 5. Determine j(f).
-13
Let x(q) be the third derivative of q**6/20 + q**5/30 + q**4/24 - 2*q**2. Let h = -6047 + 6046. What is x(h)?
-5
Let s(x) be the first derivative of -36 - 1/3*x**3 - 1/4*x**4 + 2*x**2 + 0*x. Calculate s(-3).
6
Let a(l) = 11*l + 122. Let d be a(-11). Let u(g) = -25*g + 5. What is u(d)?
-20
Let d(f) = 3*f**3 - 25*f**2 + 6*f + 22. Let v be (-16)/((54/(-135))/((-1)/(-5))) + 0. What is d(v)?
6
Let l(h) = -55 + 212 - 54 - 50 - h - 51. What is l(1)?
1
Suppose -15*y = -88 - 193 - 184. Let n(l) = 3*l**2 - 93*l - 10. Calculate n(y).
-10
Suppose 99 = -2*v + 56 + 75. Let l(z) = -z**3 + 16*z**2 + 3*z - 20. What is l(v)?
28
Let w be 14/42 - (-5)/3. Let c be (w/(-4))/((-5)/(-10)). Let z(x) = -14*x - 20. Let a(r) = -5*r - 7. Let u(y) = 17*a(y) - 6*z(y). Determine u(c).
2
Let d(a) = -59*a - 43. Let i(u) = 71*u + 44. Let j(l) = -6*d(l) - 5*i(l). What is j(7)?
31
Let u(l) = -4*l**2 - 11*l + 52. Let j(w) = 15*w**2 + 44*w - 201. Let c(v) = 6*j(v) + 23*u(v). What is c(4)?
2
Let t(p) = -9*p + 4. Let m = -134 - -129. Let d(h) = -13*h + 6. Let v(u) = m*d(u) + 7*t(u). Suppose 3*o = 8 - 20. What is v(o)?
-10
Let g(w) = 4*w**2 - 15*w - 19. Suppose -175*s + 536 + 864 = 0. What is g(s)?
117
Let l(a) be the first derivative of -a**3/3 + 5*a**2/2 + 58*a + 1450. What is l(-8)?
-46
Let m = -39455 - -39459. Let i be 4/(-8)*(-1 + 1). Let l(g) = i + 3*g**2 - 2*g - 1 - g**3 + 2*g**2. What is l(m)?
7
Let z(n) = 13*n - 13. Let y(r) = r**3 - 6*r - 3. Let b be y(3). Let t(i) = 14*i - 15. Let j(q) = b*t(q) - 7*z(q). Calculate j(1).
-6
Suppose -3*m + g + 40 = 0, -m - g = -5*m + 55. Let u be 5/m + (-15)/(-9). Let q(w) = -w**3 + 2*w**u - 2*w**2 + 4*w**2 - 1 + 6*w. What is q(5)?
4
Let f(u) = u**3 - 5*u**2 + 4*u + 4. Let x = 36 + -36. Suppose x = -13*l + 26 + 26. What is f(l)?
4
Let m(h) = 5*h**3 + 2*h**3 + 2*h**2 + 6 - 9*h**3. Let r(n) = 3*n**3 - 4*n**2 - n - 11. Let o(g) = -5*m(g) - 3*r(g). Determine o(-2).
-3
Let m(v) = -219 - 218 + 660 + v - 220. Suppose 13 = -4*s - q, -4*q + 8 = -0*s - 4*s. Determine m(s).
0
Let t(n) = n**3 - 8*n**2 + 4*n + 24. Suppose -5*x - 6*x + 150 = 73. Calculate t(x).
3
Suppose -4*p - 1 = -5*p. Let j be 4 + -1 + p + (16 - 3). Let a = j - 15. Let d(k) = -3*k - 1. Calculate d(a).
-7
Let m(l) be the first derivative of 3/2*l**2 + 13 + 8/3*l**3 - 1/4*l**4 - 9*l. Determine m(8).
15
Let o(z) = 25*z**2 + 214*z + 345. Let i(k) = -9*k**2 - 75*k - 115. Let v(m) = -11*i(m) - 4*o(m). Determine v(-26).
15
Let b = -168 - -153. Let c(r) = -26*r - 380. Determine c(b).
10
Let m(o) = -o**2 - 18*o - 14. Let h = 920 - 730. Suppose 0 = h*j - 199*j - 153. Calculate m(j).
3
Let c(w) = 2*w**2 + 33*w + 12. Let d be c(-16). Let h be 10/d*1*(4 + -2). Let v(t) = 5*t + 7. Give v(h).
-18
Let p(q) = -q**3 + 5*q**2 + 17*q - 11. Let f be p(7). Let w(b) = 45 + 49 + 0*b + b - 97. What is w(f)?
7
Let c(g) = g - 4. Let x be ((-7)/2 - -1)/((-6)/1116). Suppose 0 = 5*v + 5*d - x, -299 = -6*v + 3*v + d. Let t = v + -94. Calculate c(t).
0
Let l be (33 - 16) + -3 + 0 + 0. Let n(r) = r**3 - 15*r**2 + 13*r + 7. What is n(l)?
-7
Let w(g) = -914 - 908 + g + 1819. Let z be (-1)/2*(3 - 19) - 4. Determine w(z).
1
Let q = 136055 + -136059. Let g(y) = 2*y**3 + 12*y**2 + 19*y + 7. Let b(o) = -o**3 - 6*o**2 - 10*o - 3. Let r(u) = 5*b(u) + 3*g(u). Calculate r(q).
10
Let x(g) = 3*g**2 + 5*g - 152. Let m(w) = 4*w**2 + 5*w - 157. Let t(s) = -2*m(s) + 3*x(s). Let y(d) be the first derivative of t(d). Calculate y(0).
5
Let v(t) be the first derivative of -9*t**2/2 + 113*t - 3101. Give v(13).
-4
Let o(n) = 9*n + 27. Let k be o(-21). Let c = k - -167. Let z(d) = -d**3 + 5*d**2 - 2*d + 4. Determine z(c).
-6
Let q(m) = 7*m + 1665 + 6*m + 6*m - 4*m - 831 + m**2 - 826. Suppose h = -h - 24. What is q(h)?
-28
Suppose -6*m + 15 = -15. Suppose -82 = -m*t - 32. Let w(n) = -13*n + t*n + 8*n. Calculate w(3).
15
Suppose -6*w + 8482 + 7634 = 0. Let i(t) = 1344*t + 0*t**3 - w*t + t**3 - 6 + 4*t**2 + 1335*t. What is i(-5)?
4
Let j(h) = -4*h + 24. Let r(s) = -5*s + 2. Let k(i) = 11*i - 3. Let m(b) = -4*k(b) - 9*r(b). Let z(a) = 2*j(a) + 9*m(a). Determine z(4).
-2
Suppose 0*s + 5*s = n + 24, n + 16 = 3*s. Suppose 0*w = 2*w - 6. Suppose -w*p = -4*r - 11 - 0, s*p + 4*r = -32. Let t(j) = -j**2 - 5*j + 3. Determine t(p).
9
Let b be (2 + 7/((-14)/8))*(10 + -9). Let a(x) = -3*x - 4. Determine a(b).
2
Let w(b) = 3*b + 14. Suppose -2*k - 245 = 47*k. Determine w(k).
-1
Let q be 3/48*4*4. Suppose -3*a + 11 - q = -h, 0 = 5*a + 2*h - 13. Suppose -3*i + 5*b + 20 = -i, 12 = i - a*b. Let s(m) = m**3 + m + 4. Calculate s(i).
4
Let s be -8*8/(-56)*7/2. Let n(a) = -s + 12 + 6*a**2 - a - 9 - 4 + 2*a**3. Determine n(-4).
-33
Let n be 88/4 - 15 - 5*-1. Let m(g) be the first derivative of -5*g**2 - n + 1/4*g**4 -